 (base 13) to base 8.
-1320276
What is 1100110011110100110 (base 2) in base 14?
acd82
What is -10000011011101000101 (base 2) in base 12?
-21b719
Convert -204845 (base 15) to base 13.
-41937b
Convert 1442201 (base 5) to base 16.
78ce
Convert -1101021041 (base 5) to base 15.
-31974b
Convert 184873 (base 14) to base 3.
1121120200021
15434312 (base 6) to base 5
120033223
Convert -1269849 (base 10) to base 16.
-136059
Convert 2334400204 (base 5) to base 14.
a03574
Convert 31103012312 (base 4) to base 2.
1101010011000110110110
22110201120000 (base 3) to base 16
44b1dc
3378736 (base 12) to base 5
10011130344
What is -8b01 (base 13) in base 16?
-4bec
Convert 1ad01 (base 16) to base 11.
75571
Convert -512003244 (base 6) to base 3.
-121111200000201
What is 661462 (base 11) in base 5?
232243120
What is 100100101010010001 (base 2) in base 13?
5346b
What is 3062144 (base 8) in base 13?
225869
-3790701 (base 10) to base 14
-709645
Convert 21521 (base 10) to base 13.
9a46
What is -11705117 (base 9) in base 11?
-3265180
Convert -1001001101100101 (base 2) to base 16.
-9365
-133012313 (base 5) to base 15
-d4558
What is -1123220 (base 9) in base 14?
-11aba3
-100494a (base 12) to base 8
-13330112
What is 207aa12 (base 13) in base 4?
211223123210
What is -10416706 (base 9) in base 8?
-23141421
443052 (base 10) to base 14
b7668
Convert -321110310 (base 4) to base 15.
-49889
-47301 (base 12) to base 2
-10111010011110001
Convert -603622 (base 7) to base 3.
-12012011111
What is 104c26 (base 13) in base 7?
3151054
-220112211121 (base 3) to base 14
-c814c
6763173 (base 11) to base 15
1090b28
What is 153100233 (base 6) in base 12?
10b7679
What is 11101001111110001011101 (base 2) in base 3?
112102111211212
778893 (base 10) to base 8
2761215
What is -4332420 (base 6) in base 8?
-642634
What is 225110423 (base 6) in base 15?
573110
What is 1153132502 (base 6) in base 13?
29acbb7
What is 22cd77 (base 14) in base 5?
301004221
-693671 (base 10) to base 6
-22511235
What is 1646153 (base 7) in base 2?
111000001101100000
-24431111 (base 5) to base 13
-82249
Convert 35011 (base 10) to base 12.
18317
Convert -730513 (base 8) to base 11.
-1558a6
Convert 211201001012120 (base 3) to base 5.
11042112213
Convert -9132 (base 14) to base 11.
-1780a
What is -2244912 (base 12) in base 7?
-106523456
Convert -110001000001100100 (base 2) to base 6.
-4145352
What is -19a60d (base 14) in base 4?
-3132231011
Convert 10548 (base 9) to base 3.
100121122
What is -11000001010011101010 (base 2) in base 9?
-1436112
What is 1364651 (base 7) in base 4?
230331302
Convert 100164 (base 10) to base 14.
28708
What is -27364 (base 13) in base 11?
-4aa06
a6941 (base 15) to base 12
215a8a
What is 5f6bc (base 16) in base 15?
7ac14
Convert 29888 (base 12) to base 16.
e3a8
-1011111011001111000 (base 2) to base 5
-100001101
1633120 (base 7) to base 12
ab2aa
What is -100121020011 (base 3) in base 6?
-4014521
Convert -10001010000100110010101 (base 2) to base 10.
-4524437
Convert 1101100110100100111 (base 2) to base 5.
103230420
79c57b (base 14) to base 7
50141114
Convert 151b47 (base 12) to base 5.
42342004
What is 980899 (base 10) in base 2?
11101111011110100011
43343431 (base 5) to base 14
9968d
-104533350 (base 6) to base 12
-781256
Convert 4a66b (base 12) to base 14.
28c27
Convert -53218 (base 12) to base 13.
-3a8cb
What is 21d1428 (base 14) in base 2?
111101011010101000011100
What is -2b7c0 (base 15) in base 16?
-22362
What is -2715b1 (base 16) in base 3?
-11211010122210
What is -2445544 (base 6) in base 13?
-47764
-1345202 (base 9) to base 14
-153281
133200110331 (base 4) to base 7
130125234
-2ef62 (base 16) to base 13
-69726
What is -56143 (base 12) in base 6?
-2240523
-260929 (base 10) to base 15
-524a4
Convert -194b (base 16) to base 9.
-8784
What is -3232321 (base 5) in base 13?
-1c258
-2022121012020 (base 3) to base 8
-4546427
304232 (base 10) to base 2
1001010010001101000
What is 52165 (base 14) in base 7?
1452555
What is 786693 (base 10) in base 4?
3000010011
101100200000 (base 3) to base 11
12a1a3
Convert 1157542 (base 10) to base 3.
2011210211221
-6ad7 (base 15) to base 9
-34124
3501352 (base 6) to base 13
6374c
What is -4422004 (base 7) in base 3?
-1000121021211
What is 11b162a (base 12) in base 15?
486c5d
1101010110011111 (base 2) to base 7
315303
Convert 31a455 (base 11) to base 9.
858757
-20211110010 (base 3) to base 15
-29c93
443422331 (base 6) to base 7
125050600
9d4862 (base 14) to base 3
101001221012001
12222221210111 (base 3) to base 14
5cda1a
What is 2153533 (base 8) in base 9?
1072728
Convert 365408 (base 12) to base 15.
125bab
Convert -32c71 (base 13) to base 5.
-10422242
-71193 (base 13) to base 7
-1502061
Convert 4a05ad (base 16) to base 8.
22402655
-101010100100000000011 (base 2) to base 5
-324112231
What is a5883 (base 13) in base 3?
120010212001
-102001221222212 (base 3) to base 7
-101005634
What is -283a2 (base 11) in base 8?
-116725
-1002022102020 (base 3) to base 12
-239a66
Convert -1706166 (base 8) to base 2.
-1111000110001110110
What is -64205244 (base 7) in base 3?
-101020202022100
44563436 (base 7) to base 15
51505b
Convert 312ff (base 16) to base 4.
301023333
Convert -7429049 (base 10) to base 14.
-db5545
What is -2144005 (base 6) in base 3?
-12102222012
-27a8c (base 13) to base 12
-37003
Convert 8ac14 (base 15) to base 11.
281756
What is -23a9934 (base 12) in base 13?
-159111a
417245 (base 8) to base 3
21001120002
Convert 13eb4 (base 15) to base 8.
175105
Convert -10022000101 (base 3) to base 13.
-236c8
Convert -183953 (base 13) to base 6.
-21010345
Convert -111220020001 (base 3) to base 15.
-560ad
What is -73324 (base 13) in base 11?
-131622
Convert -24178 (base 11) to base 14.
-c988
Convert 16716275 (base 8) to base 15.
52284e
What is -1a96522 (base 13) in base 11?
-4a78798
1332000113 (base 4) to base 2
1111110000000010111
Convert 1b3a836 (base 13) to base 3.
121222021020010
What is -1ca2a (base 14) in base 13?
-274c9
-1001081 (base 9) to base 4
-2001330103
121212330003 (base 4) to base 6
355515043
-2123130004 (base 5) to base 8
-21136654
Convert 14435 (base 11) to base 8.
50007
What is 1453215 (base 11) in base 3?
11200200001112
-75952a (base 11) to base 16
-1282fa
What is 1754172 (base 8) in base 16?
7d87a
Convert 2a720e (base 15) to base 13.
5698a3
Convert -101e0 (base 15) to base 7.
-301602
-2977a8 (base 13) to base 8
-3701017
Convert 11212202010122 (base 3) to base 10.
2593151
Convert -474234 (base 11) to base 9.
-1365852
Convert -1020121021 (base 3) to base 14.
-8cda
Convert -1bb241 (base 12) to base 3.
-221012202111
What is 54503544 (base 6) in base 8?
6147670
What is 4a0431 (base 14) in base 8?
11531533
Convert 123114042 (base 5) to base 15.
bc2d2
Convert db291 (base 14) to base 12.
21693b
Convert 136435624 (base 7) to base 16.
8999b6
What is -62842 (base 12) in base 9?
-216045
What is 24032014 (base 5) in base 8?
657324
What is 4893303 (base 10) in base 15?
669d03
16136362 (base 7) to base 15
20ae31
Convert -651d2 (base 14) to base 9.
-412463
Convert -46513501 (base 7) to base 15.
-55b2d7
875120 (base 11) to base 6
45542445
-110011110101010011 (base 2) to base 10
-212307
Convert 1010100011010110000101 (base 2) to base 4.
22203112011
What is 884646 (base 9) in base 5?
113401244
Convert 21102212112200 (base 3) to base 5.
2003010023
30050636 (base 8) to base 13
1400225
Convert 11de (base 15) to base 6.
25345
-548d5 (base 14) to base 12
-9a637
What is 9c93c5 (base 16) in base 3?
201022100001112
13114210 (base 10) to base 11
744799a
What is -104014210 (base 5) in base 15?
-8e920
What is 530143443 (base 6) in base 12?
3121b83
-110010110000010 (base 2) to base 12
-13056
6154124 (base 7) to base 13
1ca0b7
Convert 100122020011 (base 3) to base 7.
1420036
Convert -8740 (base 13) to base 7.
-105562
What is -10220110213 (base 4) in base 6?
-42003051
-30110211 (base 4) to base 15
-ee49
-14031003 (base 5) to base 6
-3020152
What is -21200020101 (base 3) in base 12?
-73517
-15050 (base 12) to base 3
-1111101020
Convert 1001111001000100011001 (base 2) to base 3.
11212201222212
4230210 (base 6) to base 2
110010010100111110
-110111012231 (base 4) to base 5
-2331014300
What is -1445561 (base 8) in base 16?
-64b71
What is -1434152 (base 9) in base 7?
-6501161
Convert -1000000111000